g) + 4*v(g). What is the units digit of k(t)?
0
Let r(c) = 298*c**2 + 35*c - 73. What is the hundreds digit of r(2)?
1
Suppose -g = -285 - 58. What is the hundreds digit of g?
3
Suppose 3*w = -g - 57, w - 2*w - 5*g - 33 = 0. What is the units digit of w/6*186/(-9)?
2
Let p(h) = -h**3 + 9*h**2 + 6*h + 8. Let c be p(10). Let y = c + 64. What is the units digit of y?
2
Let t = 11 - 32. Let y = 20 + t. Let s = y + 19. What is the units digit of s?
8
Suppose -2*z = -2*p - 466, 2*p = -z - 81 + 329. What is the hundreds digit of z?
2
Let w(n) = n**2 + 13*n + 6. Let x be w(-12). Let d = 37 + x. What is the tens digit of d?
3
What is the tens digit of (-45800)/(-90) + 1/9?
0
Let n(v) = v**2 - 4*v - 1. Let f be n(5). What is the units digit of 3*(f + 10/(-2))*-1?
3
Suppose -3*r - m + 2*m + 7 = 0, 0 = 2*m - 10. Suppose -2*l + 63 = 2*a - l, r*l = 20. What is the units digit of a?
9
Suppose 0 = 230*i - 233*i, 0 = -5*z + 3*i + 11365. What is the tens digit of z?
7
Let u(m) = 26*m**3 - 3*m**2 + m - 9. Let t(c) = -13*c**3 + 2*c**2 + 5. Let o(g) = 5*t(g) + 3*u(g). What is the units digit of o(2)?
2
Let u = -124 - -279. What is the hundreds digit of u?
1
Let g(n) = 10*n + 4. Let x be g(4). Let y = 208 - x. What is the units digit of y?
4
Suppose 5*t + 7 - 54 = 3*h, h - t = -13. Let l = -33 + 92. What is the units digit of 6/h + l/3?
9
Suppose -n = 2*a - 94, 280 = -3*n + 6*n + 4*a. Let q = n - 26. What is the units digit of q?
6
Let s(t) be the first derivative of t**3 + 3*t**2/2 - 9*t - 11. What is the units digit of s(6)?
7
What is the thousands digit of -2*((-74)/(-185))/((-8)/37090)?
3
Suppose j - 1848 = -13*j. What is the units digit of j?
2
Suppose -h + 6*h = 2*g - 295, 5*g - h = 703. What is the units digit of g?
0
Let v = -268 + 1956. What is the hundreds digit of v?
6
Let w = -15 - -8. Let t(v) = -2*v**2 - 16*v - 3. Let i be t(w). Suppose -3*s - 113 = -2*r - i, -118 = -2*r - 5*s. What is the units digit of r?
4
Suppose -4*l + 3*z + 15 = -7*l, 5*l + 2*z = -19. What is the units digit of 10 - (5 + l) - -1?
9
Suppose 4*f = 3*s + 8328, -5 = 3*s + 7. What is the hundreds digit of f?
0
Let i(l) = l + 4. Let y be i(-1). Suppose 0 = 4*g - 3*h - 75, -6 = -5*g + y*h + 90. What is the tens digit of g?
2
Let z be -1 + (518/(-21))/((-2)/45). Suppose 0 = 4*s + 2*q - z, 0 = -4*s - 3*q + 360 + 189. What is the tens digit of s?
4
Let d(q) = -5*q - 5. Let k be 3/5*(-20)/(-2). Suppose -k*v + 8 = -8*v. What is the tens digit of d(v)?
1
What is the units digit of ((-2)/(-3))/(4/1512)?
2
What is the units digit of 3/(-6) - (-431)/2?
5
Suppose -i - 5*b = -37, 4*i + 64 = 8*i - b. Let o = 20 - i. Suppose -39 = -t - 4*x, o*x + 232 = 2*t + 2*t. What is the units digit of t?
5
Let g be 7/(-6 + 2 + 90/22). Let j = 290 - g. What is the units digit of j?
3
Let w = -3 - -1. What is the units digit of (w/6)/((-10)/450)?
5
Let a(c) = 223*c - 79. What is the units digit of a(6)?
9
Let h = -1755 + 2617. What is the units digit of h?
2
Suppose 0 = 4*r + r - 195. Let v = 72 + -54. Suppose -3*b + r = -v. What is the tens digit of b?
1
Let p = 570 - 253. What is the hundreds digit of p?
3
Let r be 4*(-3)/(12/(-28)). Let l be 6/(-7)*r/(-8). Suppose -5*u + k - l*k + 135 = 0, -3*k = 4*u - 101. What is the units digit of u?
9
Suppose -44225 = -34*h + 5*h. What is the hundreds digit of h?
5
Let s(p) = p**3 - 6*p**2 + 2*p - 7. Let h be s(6). Suppose -10 + 668 = 7*r. Suppose -3*z = 5*t - r, z + 43 - 141 = -h*t. What is the units digit of t?
0
Let l be ((-18)/5)/((-6)/20). Suppose -l = -m - 8. Suppose 0 = -4*o - m*b + 148, 0 = o - 3*o - 5*b + 77. What is the tens digit of o?
3
Let j be -1 + 12*2/4. Suppose 9 = j*g - 16. Suppose 49 = 4*k + k + 4*w, -g = -k - 2*w. What is the tens digit of k?
1
Let k = 9 - 6. What is the tens digit of (6/8)/(k/132)?
3
Suppose 5*m = k + 5225, 11*m - 8*m + 3*k = 3153. What is the tens digit of m?
4
Suppose 3*h - 7*h + 4170 = 3*n, -3*n = -h + 1035. What is the hundreds digit of h?
0
Suppose -12*y + 11*y = 2*t - 2898, -2*t = -y - 2894. What is the thousands digit of t?
1
Let d(j) = 2*j - 3. Let c be d(4). Suppose 2*t = 5*a - 4, a + 4*a - c*t = -5. Suppose -4*n - y + 243 = 0, 3*n - 166 = -2*y - a*y. What is the units digit of n?
2
Suppose 20*y + 3*y - 10741 = 0. What is the units digit of y?
7
Suppose -12*j - 1044 = -9*j. What is the units digit of (0 + 3)*(j/(-9))/2?
8
Let z = 19 - 11. Let l = z - -41. What is the units digit of l?
9
Let i be ((-6)/(-4))/((-18)/(-144)). Let z(x) = -12*x - i + 4 - 5 + 1. What is the tens digit of z(-8)?
8
Let a(b) = 274*b**2 - 3*b - 1. Let w be a(1). Suppose -5*j + 735 = -w. What is the tens digit of j?
0
Suppose 1 = -m - 3, 0 = -d + 2*m - 172. Let h = d - -365. What is the units digit of h?
5
Let j(o) be the first derivative of 0*o - 1/4*o**4 - 5/3*o**3 - 3*o**2 + 7. What is the tens digit of j(-5)?
3
Suppose 35 = 2*g + 3*g + 2*y, -35 = -2*g - 5*y. Suppose n - 2*s = 150, -2*n = -3*n - g*s + 115. What is the units digit of n?
0
What is the tens digit of 1748/5 - 21/35?
4
Let o be 508/(-18) - (-2)/9. What is the tens digit of ((-174)/(-4))/((-14)/o)?
8
Let n = -301 + 348. What is the units digit of n?
7
Let u be (0 + 1)*(23 + -6). Suppose -5*t = -4*y + 105, -4*t - 3 = u. Suppose -h + y = 2*m + h, -5*m = -h - 56. What is the units digit of m?
1
Let k be 2649*2/(3 + 3). Suppose -77 = 3*r + 2*f - k, -4*f = 4*r - 1068. What is the units digit of r?
2
Let b(l) = -2*l**3 - 54*l**2 - 30*l - 49. What is the hundreds digit of b(-27)?
7
What is the tens digit of 2*18/4 + 170?
7
What is the hundreds digit of -5 + 0 - 52416/(-26)?
0
Let o(t) = 2*t**2 + 5*t - 9. Let s be o(4). Suppose 50 = w - s. What is the tens digit of w?
9
Suppose 0*w - 4 = -2*w + 2*s, 3*s = -4*w + 36. Let u(q) = q**3 - 4*q - 2*q**2 + q - 3*q**2 - 6. What is the tens digit of u(w)?
1
Suppose w + w - 4 = 4*l, 4*w - 17 = -l. What is the tens digit of (-1 - ((-316)/28)/l)*14?
4
Suppose 5*v = -2*f + 6, 17*f = 19*f - 6. Let u(b) = -b**3 - 8 + 43 - 4 + b. What is the units digit of u(v)?
1
Suppose 5420 = 3*f + 1574. What is the units digit of f?
2
Let v = 324 + -9. Suppose 0 = g + 91 - v. What is the tens digit of g?
2
Suppose 0 = -3*j + 3*i + 24, -4*j + 3*i = -20 - 14. Suppose -j = -5*m - 5*q, 3*m = -2*m + q - 2. Suppose -p = -m - 7. What is the units digit of p?
7
Suppose -3*n - 3*y = -1275, -5*n - 435 = -6*n + y. What is the hundreds digit of n?
4
Let c = 565 - 234. What is the hundreds digit of c?
3
Let g(k) = -12*k**3 - 6*k**2 - 11*k - 2. What is the hundreds digit of g(-6)?
4
Let c(i) = -i**3 + 3*i**2 + 2. Let m be c(3). Let g be ((-4)/6)/(m/(-117)). Suppose -r = 2*r - g. What is the units digit of r?
3
Let w = 209 - 78. Suppose 3*h = w - 41. Let q = h - 17. What is the units digit of q?
3
Let t be -2*10/(-4)*1. Suppose -4*a - t*v + 48 = 0, 0*a + v = -a + 13. What is the units digit of a?
7
Let x(o) = o**3 - o**2. Let m(q) = 3*q**3 + 16*q**2 - 7*q + 5. Let h(v) = m(v) - x(v). What is the units digit of h(-8)?
5
Let i be 6*4/((-32)/44). Let b be (-6)/(-33) + (-60)/i. Suppose -z - 3*l = -b*z + 54, -5*z - l = -222. What is the units digit of z?
5
Let x(z) = 42*z**2 + 3*z. Let l be x(-4). Suppose 18*u = 13*u + l. Suppose -3*r - u = -3*o, -3*r - 92 = -2*o + r. What is the tens digit of o?
4
Suppose 0 = -22*y + y + 105. Let r(v) = -2*v**3 + 10*v**2 + 8*v - 3. What is the tens digit of r(y)?
3
Let p = -144 - -282. What is the tens digit of p?
3
Suppose y = 4 + 12. Let f = -14 + y. Suppose -f*l = -h - 57, 3*l + 9 = -4*h + 67. What is the units digit of l?
6
Suppose 8*v - 13*v + 2*j + 7557 = 0, -j = 4*v - 6056. What is the units digit of v?
3
Suppose -36*o + 40*o = 60. Suppose -2*l + 133 - o = 0. What is the tens digit of l?
5
Let u be ((0/(-8))/(-9))/(1 - -1). Let x(w) = 38 + 0*w**2 + 33 + w**2 + w + w**3. What is the units digit of x(u)?
1
Let d(l) = -2*l**2 - 1. Suppose -2*m = -3 + 5. Let n be d(m). What is the units digit of 252/6*(-1)/n?
4
Let r(v) = 21*v**2 + 22*v + 107. What is the tens digit of r(-7)?
8
Let t = -1467 + 2428. What is the units digit of t?
1
Let i be 1/4 - 267/12. Let d be (2 + -43)/(-2 + 1). Let s = i + d. What is the tens digit of s?
1
Suppose 625*u - 4580 = 621*u. What is the thousands digit of u?
1
Suppose 0 = 3*d + 3, 0 = 4*i + 3*d - 6*d - 11. Suppose 4*q - 31